{"id":506,"date":"2021-03-12T11:09:09","date_gmt":"2021-03-12T10:09:09","guid":{"rendered":"http:\/\/csbpn.org\/?page_id=506"},"modified":"2021-09-27T16:29:02","modified_gmt":"2021-09-27T14:29:02","slug":"ressourcerie","status":"publish","type":"page","link":"https:\/\/csbpn.org\/index.php\/ressourcerie\/","title":{"rendered":"Ressourcerie"},"content":{"rendered":"\t\t<div data-elementor-type=\"wp-page\" data-elementor-id=\"506\" class=\"elementor elementor-506\" data-elementor-post-type=\"page\">\n\t\t\t\t\t\t<section class=\"elementor-section elementor-top-section elementor-element elementor-element-18644d92 elementor-section-height-min-height elementor-section-boxed elementor-section-height-default elementor-section-items-middle\" data-id=\"18644d92\" data-element_type=\"section\" data-e-type=\"section\" data-settings=\"{&quot;background_background&quot;:&quot;classic&quot;}\">\n\t\t\t\t\t\t\t<div class=\"elementor-background-overlay\"><\/div>\n\t\t\t\t\t\t\t<div class=\"elementor-container elementor-column-gap-default\">\n\t\t\t\t\t<div class=\"elementor-column elementor-col-100 elementor-top-column elementor-element elementor-element-3a93b1fd\" data-id=\"3a93b1fd\" data-element_type=\"column\" data-e-type=\"column\">\n\t\t\t<div class=\"elementor-widget-wrap elementor-element-populated\">\n\t\t\t\t\t\t<div class=\"elementor-element elementor-element-34ec7c13 elementor-widget elementor-widget-heading\" data-id=\"34ec7c13\" data-element_type=\"widget\" data-e-type=\"widget\" data-widget_type=\"heading.default\">\n\t\t\t\t<div class=\"elementor-widget-container\">\n\t\t\t\t\t<h2 class=\"elementor-heading-title elementor-size-large\">Ressourcerie<\/h2>\t\t\t\t<\/div>\n\t\t\t\t<\/div>\n\t\t\t\t<div class=\"elementor-element elementor-element-33b54ee elementor-widget-divider--view-line elementor-widget elementor-widget-divider\" data-id=\"33b54ee\" data-element_type=\"widget\" data-e-type=\"widget\" data-widget_type=\"divider.default\">\n\t\t\t\t<div class=\"elementor-widget-container\">\n\t\t\t\t\t\t\t<div class=\"elementor-divider\">\n\t\t\t<span class=\"elementor-divider-separator\">\n\t\t\t\t\t\t<\/span>\n\t\t<\/div>\n\t\t\t\t\t\t<\/div>\n\t\t\t\t<\/div>\n\t\t\t\t\t<\/div>\n\t\t<\/div>\n\t\t\t\t\t<\/div>\n\t\t<\/section>\n\t\t\t\t<section class=\"elementor-section elementor-top-section elementor-element elementor-element-119bfbb8 elementor-section-height-min-height elementor-section-content-middle elementor-section-boxed elementor-section-height-default elementor-section-items-middle\" data-id=\"119bfbb8\" data-element_type=\"section\" data-e-type=\"section\" data-settings=\"{&quot;background_background&quot;:&quot;classic&quot;}\">\n\t\t\t\t\t\t<div class=\"elementor-container elementor-column-gap-default\">\n\t\t\t\t\t<div class=\"elementor-column elementor-col-50 elementor-top-column elementor-element elementor-element-4fa3f228\" data-id=\"4fa3f228\" data-element_type=\"column\" data-e-type=\"column\">\n\t\t\t<div class=\"elementor-widget-wrap elementor-element-populated\">\n\t\t\t\t\t\t<div class=\"elementor-element elementor-element-3d1fcbcc elementor-widget-divider--view-line elementor-widget elementor-widget-divider\" data-id=\"3d1fcbcc\" data-element_type=\"widget\" data-e-type=\"widget\" data-widget_type=\"divider.default\">\n\t\t\t\t<div class=\"elementor-widget-container\">\n\t\t\t\t\t\t\t<div class=\"elementor-divider\">\n\t\t\t<span class=\"elementor-divider-separator\">\n\t\t\t\t\t\t<\/span>\n\t\t<\/div>\n\t\t\t\t\t\t<\/div>\n\t\t\t\t<\/div>\n\t\t\t\t<div class=\"elementor-element elementor-element-1a49edf8 elementor-widget elementor-widget-heading\" data-id=\"1a49edf8\" data-element_type=\"widget\" data-e-type=\"widget\" data-widget_type=\"heading.default\">\n\t\t\t\t<div class=\"elementor-widget-container\">\n\t\t\t\t\t<h3 class=\"elementor-heading-title elementor-size-large\">Le centre social ouvre sa Ressourcerie \u00ab ESS-en-SIEL \u00bb<\/h3>\t\t\t\t<\/div>\n\t\t\t\t<\/div>\n\t\t\t\t<div class=\"elementor-element elementor-element-58ca2235 elementor-widget elementor-widget-text-editor\" data-id=\"58ca2235\" data-element_type=\"widget\" data-e-type=\"widget\" data-widget_type=\"text-editor.default\">\n\t\t\t\t<div class=\"elementor-widget-container\">\n\t\t\t\t\t\t\t\t\t<p><em>(ESS : Economie Sociale et Solidaire ; SIEL : Solidarit\u00e9, Insertion, Environnement Local)<\/em><\/p><p><span style=\"font-weight: 400;\">La ressourcerie est un lieu de coop\u00e9ration, o\u00f9 l\u2019on r\u00e9cup\u00e8re, revalorise et distribue des biens.\u00a0 <\/span><span style=\"font-weight: 400;\">Elle a, \u00e9galement, un r\u00f4le de sensibilisation et d\u2019\u00e9ducation \u00e0 l\u2019environnement.<\/span><\/p><p><span style=\"font-weight: 400;\">Notre ressourcerie l\u2019ESS-en-SIEL vous proposera pour le moment des habits mais, \u00e9galement, des sacs et des chaussures.<\/span><\/p><ul><li><span style=\"font-weight: 400;\">V\u00eatements r\u00e9cup\u00e9r\u00e9s, tri\u00e9s, valoris\u00e9s\u2026<\/span><\/li><li><span style=\"font-weight: 400;\">Possibilit\u00e9 de d\u00e9poser vos habits afin de leur donner une seconde vie.<\/span><\/li><li><span style=\"font-weight: 400;\">Prix au kilo (5\u20ac le kilo) except\u00e9 certaines pi\u00e8ces (manteaux, jeans, sacs, chaussures). Les prix sont fixes\u00a0<\/span><\/li><li><span style=\"font-weight: 400;\">Des ateliers vous seront, \u00e9galement, propos\u00e9s : z\u00e9ro d\u00e9chet, fabrication de produits cosm\u00e9tiques, de produits m\u00e9nagers, upcycling.<\/span><\/li><\/ul><p><span style=\"font-weight: 400;\">OUVERTURE TOUS LES <strong>MARDIS<\/strong> DE <strong>9H \u00c0 12h \/ de 14h \u00c0 17h<\/strong> et les <strong>VENDREDIS<\/strong> DE <strong>14h \u00c0 17h<\/strong><\/span><\/p><p><span style=\"font-weight: 400;\">Place de la Bourgogne , <\/span><span style=\"font-weight: 400;\">Avenue Roger Salengro <\/span><\/p><p><span style=\"font-weight: 400;\">59200 Tourcoing<\/span><\/p><p>DONS :<\/p><p><span style=\"font-weight: 400;\">Vous souhaitez faire un don de v\u00eatements\/accessoires ?\u00a0<\/span><\/p><p><span style=\"font-weight: 400;\">Rien de plus facile.\u00a0<\/span><\/p><p><span style=\"font-weight: 400;\">Contactez Vanessa DEWAELE afin de convenir d&rsquo;un rdv.\u00a0<\/span><\/p><p><span style=\"font-weight: 400;\">T\u00e9l. : 06 49 92 11 51 <\/span><\/p><p><span style=\"font-weight: 400;\">Par mail sur <\/span><a href=\"mailto:v.dewaele@csbpn.org\"><span style=\"font-weight: 400;\">v.dewaele@csbpn.org<\/span><\/a><\/p>\t\t\t\t\t\t\t\t<\/div>\n\t\t\t\t<\/div>\n\t\t\t\t\t<\/div>\n\t\t<\/div>\n\t\t\t\t<div class=\"elementor-column elementor-col-50 elementor-top-column elementor-element elementor-element-00d65cc\" data-id=\"00d65cc\" data-element_type=\"column\" data-e-type=\"column\">\n\t\t\t<div class=\"elementor-widget-wrap elementor-element-populated\">\n\t\t\t\t\t\t<div class=\"elementor-element elementor-element-915718b elementor-widget elementor-widget-gallery\" data-id=\"915718b\" data-element_type=\"widget\" data-e-type=\"widget\" data-settings=\"{&quot;gallery_layout&quot;:&quot;masonry&quot;,&quot;columns&quot;:2,&quot;columns_tablet&quot;:2,&quot;columns_mobile&quot;:1,&quot;gap&quot;:{&quot;unit&quot;:&quot;px&quot;,&quot;size&quot;:10,&quot;sizes&quot;:[]},&quot;gap_tablet&quot;:{&quot;unit&quot;:&quot;px&quot;,&quot;size&quot;:10,&quot;sizes&quot;:[]},&quot;gap_mobile&quot;:{&quot;unit&quot;:&quot;px&quot;,&quot;size&quot;:10,&quot;sizes&quot;:[]},&quot;content_hover_animation&quot;:&quot;fade-in&quot;}\" data-widget_type=\"gallery.default\">\n\t\t\t\t<div class=\"elementor-widget-container\">\n\t\t\t\t\t\t\t<div class=\"elementor-gallery__container\">\n\t\t\t\t\t\t\t<div class=\"e-gallery-item elementor-gallery-item elementor-animated-content\">\n\t\t\t\t\t<div class=\"e-gallery-image elementor-gallery-item__image\" data-thumbnail=\"https:\/\/csbpn.org\/wp-content\/uploads\/2021\/04\/20191010_143508-225x300.jpg\" data-width=\"225\" data-height=\"300\" aria-label=\"Ressourcerie\" role=\"img\" ><\/div>\n\t\t\t\t\t\t\t\t\t\t\t\t\t\t<\/div>\n\t\t\t\t\t\t\t<div class=\"e-gallery-item elementor-gallery-item elementor-animated-content\">\n\t\t\t\t\t<div class=\"e-gallery-image elementor-gallery-item__image\" data-thumbnail=\"https:\/\/csbpn.org\/wp-content\/uploads\/2021\/04\/131070521_3863421140368636_1699376451347626635_n-300x168.jpg\" data-width=\"300\" data-height=\"168\" aria-label=\"Ressourcerie 2\" role=\"img\" ><\/div>\n\t\t\t\t\t\t\t\t\t\t\t\t\t\t<\/div>\n\t\t\t\t\t\t\t<div class=\"e-gallery-item elementor-gallery-item elementor-animated-content\">\n\t\t\t\t\t<div class=\"e-gallery-image elementor-gallery-item__image\" data-thumbnail=\"https:\/\/csbpn.org\/wp-content\/uploads\/2021\/04\/IMG_20201218_151703-2021_03_04-14_30_23-UTC-225x300.jpg\" data-width=\"225\" data-height=\"300\" aria-label=\"Ressourcerie 5\" role=\"img\" ><\/div>\n\t\t\t\t\t\t\t\t\t\t\t\t\t\t<\/div>\n\t\t\t\t\t\t\t<div class=\"e-gallery-item elementor-gallery-item elementor-animated-content\">\n\t\t\t\t\t<div class=\"e-gallery-image elementor-gallery-item__image\" data-thumbnail=\"https:\/\/csbpn.org\/wp-content\/uploads\/2021\/04\/20191010_143512-225x300.jpg\" data-width=\"225\" data-height=\"300\" aria-label=\"Ressourcerie 6\" role=\"img\" ><\/div>\n\t\t\t\t\t\t\t\t\t\t\t\t\t\t<\/div>\n\t\t\t\t\t\t\t<div class=\"e-gallery-item elementor-gallery-item elementor-animated-content\">\n\t\t\t\t\t<div class=\"e-gallery-image elementor-gallery-item__image\" data-thumbnail=\"https:\/\/csbpn.org\/wp-content\/uploads\/2021\/04\/IMG_20201218_151718-2021_03_04-14_30_23-UTC-300x225.jpg\" data-width=\"300\" data-height=\"225\" aria-label=\"Ressourcerie 7\" role=\"img\" ><\/div>\n\t\t\t\t\t\t\t\t\t\t\t\t\t\t<\/div>\n\t\t\t\t\t\t\t<div class=\"e-gallery-item elementor-gallery-item elementor-animated-content\">\n\t\t\t\t\t<div class=\"e-gallery-image elementor-gallery-item__image\" data-thumbnail=\"https:\/\/csbpn.org\/wp-content\/uploads\/2021\/04\/131181326_3515787288517995_4273756167078702563_n-300x225.jpg\" data-width=\"300\" data-height=\"225\" aria-label=\"Ressourcerie 3\" role=\"img\" ><\/div>\n\t\t\t\t\t\t\t\t\t\t\t\t\t\t<\/div>\n\t\t\t\t\t\t\t<div class=\"e-gallery-item elementor-gallery-item elementor-animated-content\">\n\t\t\t\t\t<div class=\"e-gallery-image elementor-gallery-item__image\" data-thumbnail=\"https:\/\/csbpn.org\/wp-content\/uploads\/2021\/04\/IMG_20201218_151646-2021_03_04-14_30_23-UTC-225x300.jpg\" data-width=\"225\" data-height=\"300\" aria-label=\"Ressourcerie 4\" role=\"img\" ><\/div>\n\t\t\t\t\t\t\t\t\t\t\t\t\t\t<\/div>\n\t\t\t\t\t\t\t<div class=\"e-gallery-item elementor-gallery-item elementor-animated-content\">\n\t\t\t\t\t<div class=\"e-gallery-image elementor-gallery-item__image\" data-thumbnail=\"https:\/\/csbpn.org\/wp-content\/uploads\/2021\/04\/130933739_3515787021851355_6417803750901652787_n-300x225.jpg\" data-width=\"300\" data-height=\"225\" aria-label=\"Ressourcerie 1\" role=\"img\" ><\/div>\n\t\t\t\t\t\t\t\t\t\t\t\t\t\t<\/div>\n\t\t\t\t\t<\/div>\n\t\t\t\t\t<\/div>\n\t\t\t\t<\/div>\n\t\t\t\t\t<\/div>\n\t\t<\/div>\n\t\t\t\t\t<\/div>\n\t\t<\/section>\n\t\t\t\t<\/div>\n\t\t","protected":false},"excerpt":{"rendered":"<p>Ressourcerie Le centre social ouvre sa Ressourcerie \u00ab ESS-en-SIEL \u00bb (ESS : Economie Sociale et Solidaire ; SIEL : Solidarit\u00e9, Insertion, Environnement Local) La ressourcerie est un lieu de coop\u00e9ration, o\u00f9 l\u2019on r\u00e9cup\u00e8re, revalorise et distribue des biens.\u00a0 Elle a, \u00e9galement, un r\u00f4le de sensibilisation et d\u2019\u00e9ducation \u00e0 l\u2019environnement. Notre ressourcerie l\u2019ESS-en-SIEL vous proposera pour [&hellip;]<\/p>\n","protected":false},"author":4,"featured_media":0,"parent":0,"menu_order":0,"comment_status":"closed","ping_status":"closed","template":"elementor_header_footer","meta":{"footnotes":""},"class_list":["post-506","page","type-page","status-publish","hentry"],"yoast_head":"<!-- This site is optimized with the Yoast SEO plugin v27.0 - https:\/\/yoast.com\/product\/yoast-seo-wordpress\/ -->\n<title>Ressourcerie ESS-EN-SIEL - Centre Social et Culturel Bourgogne<\/title>\n<meta name=\"description\" content=\"La Ressourcerie ESS-EN-SIEL (ESS : Economie Sociale et Solidaire ; SIEL : Solidarit\u00e9, Insertion, Environnement Local) de votre Centre Social.\" \/>\n<meta name=\"robots\" content=\"index, follow, max-snippet:-1, max-image-preview:large, max-video-preview:-1\" \/>\n<link rel=\"canonical\" href=\"https:\/\/csbpn.org\/index.php\/ressourcerie\/\" \/>\n<meta property=\"og:locale\" content=\"fr_FR\" \/>\n<meta property=\"og:type\" content=\"article\" \/>\n<meta property=\"og:title\" content=\"Ressourcerie ESS-EN-SIEL - Centre Social et Culturel Bourgogne\" \/>\n<meta property=\"og:description\" content=\"La Ressourcerie ESS-EN-SIEL (ESS : Economie Sociale et Solidaire ; SIEL : Solidarit\u00e9, Insertion, Environnement Local) de votre Centre Social.\" \/>\n<meta property=\"og:url\" content=\"https:\/\/csbpn.org\/index.php\/ressourcerie\/\" \/>\n<meta property=\"og:site_name\" content=\"Centre Social et Culturel Bourgogne\" \/>\n<meta property=\"article:modified_time\" content=\"2021-09-27T14:29:02+00:00\" \/>\n<meta name=\"twitter:card\" content=\"summary_large_image\" \/>\n<meta name=\"twitter:label1\" content=\"Dur\u00e9e de lecture estim\u00e9e\" \/>\n\t<meta name=\"twitter:data1\" content=\"1 minute\" \/>\n<script type=\"application\/ld+json\" class=\"yoast-schema-graph\">{\"@context\":\"https:\/\/schema.org\",\"@graph\":[{\"@type\":\"WebPage\",\"@id\":\"https:\/\/csbpn.org\/index.php\/ressourcerie\/\",\"url\":\"https:\/\/csbpn.org\/index.php\/ressourcerie\/\",\"name\":\"Ressourcerie ESS-EN-SIEL - Centre Social et Culturel Bourgogne\",\"isPartOf\":{\"@id\":\"https:\/\/csbpn.org\/#website\"},\"datePublished\":\"2021-03-12T10:09:09+00:00\",\"dateModified\":\"2021-09-27T14:29:02+00:00\",\"description\":\"La Ressourcerie ESS-EN-SIEL (ESS : Economie Sociale et Solidaire ; SIEL : Solidarit\u00e9, Insertion, Environnement Local) de votre Centre Social.\",\"breadcrumb\":{\"@id\":\"https:\/\/csbpn.org\/index.php\/ressourcerie\/#breadcrumb\"},\"inLanguage\":\"fr-FR\",\"potentialAction\":[{\"@type\":\"ReadAction\",\"target\":[\"https:\/\/csbpn.org\/index.php\/ressourcerie\/\"]}]},{\"@type\":\"BreadcrumbList\",\"@id\":\"https:\/\/csbpn.org\/index.php\/ressourcerie\/#breadcrumb\",\"itemListElement\":[{\"@type\":\"ListItem\",\"position\":1,\"name\":\"Home\",\"item\":\"https:\/\/csbpn.org\/\"},{\"@type\":\"ListItem\",\"position\":2,\"name\":\"Ressourcerie\"}]},{\"@type\":\"WebSite\",\"@id\":\"https:\/\/csbpn.org\/#website\",\"url\":\"https:\/\/csbpn.org\/\",\"name\":\"Centre Social et Culturel Bourgogne\",\"description\":\"Cr\u00e9ons des liens, b\u00e2tissons l&#039;avenir ensemble\",\"publisher\":{\"@id\":\"https:\/\/csbpn.org\/#organization\"},\"potentialAction\":[{\"@type\":\"SearchAction\",\"target\":{\"@type\":\"EntryPoint\",\"urlTemplate\":\"https:\/\/csbpn.org\/?s={search_term_string}\"},\"query-input\":{\"@type\":\"PropertyValueSpecification\",\"valueRequired\":true,\"valueName\":\"search_term_string\"}}],\"inLanguage\":\"fr-FR\"},{\"@type\":\"Organization\",\"@id\":\"https:\/\/csbpn.org\/#organization\",\"name\":\"Centre Social et Culturel Bourgogne\",\"url\":\"https:\/\/csbpn.org\/\",\"logo\":{\"@type\":\"ImageObject\",\"inLanguage\":\"fr-FR\",\"@id\":\"https:\/\/csbpn.org\/#\/schema\/logo\/image\/\",\"url\":\"https:\/\/csbpn.org\/wp-content\/uploads\/2025\/10\/cropped-LOGO-8.png\",\"contentUrl\":\"https:\/\/csbpn.org\/wp-content\/uploads\/2025\/10\/cropped-LOGO-8.png\",\"width\":500,\"height\":394,\"caption\":\"Centre Social et Culturel Bourgogne\"},\"image\":{\"@id\":\"https:\/\/csbpn.org\/#\/schema\/logo\/image\/\"}}]}<\/script>\n<!-- \/ Yoast SEO plugin. -->","yoast_head_json":{"title":"Ressourcerie ESS-EN-SIEL - Centre Social et Culturel Bourgogne","description":"La Ressourcerie ESS-EN-SIEL (ESS : Economie Sociale et Solidaire ; SIEL : Solidarit\u00e9, Insertion, Environnement Local) de votre Centre Social.","robots":{"index":"index","follow":"follow","max-snippet":"max-snippet:-1","max-image-preview":"max-image-preview:large","max-video-preview":"max-video-preview:-1"},"canonical":"https:\/\/csbpn.org\/index.php\/ressourcerie\/","og_locale":"fr_FR","og_type":"article","og_title":"Ressourcerie ESS-EN-SIEL - Centre Social et Culturel Bourgogne","og_description":"La Ressourcerie ESS-EN-SIEL (ESS : Economie Sociale et Solidaire ; SIEL : Solidarit\u00e9, Insertion, Environnement Local) de votre Centre Social.","og_url":"https:\/\/csbpn.org\/index.php\/ressourcerie\/","og_site_name":"Centre Social et Culturel Bourgogne","article_modified_time":"2021-09-27T14:29:02+00:00","twitter_card":"summary_large_image","twitter_misc":{"Dur\u00e9e de lecture estim\u00e9e":"1 minute"},"schema":{"@context":"https:\/\/schema.org","@graph":[{"@type":"WebPage","@id":"https:\/\/csbpn.org\/index.php\/ressourcerie\/","url":"https:\/\/csbpn.org\/index.php\/ressourcerie\/","name":"Ressourcerie ESS-EN-SIEL - Centre Social et Culturel Bourgogne","isPartOf":{"@id":"https:\/\/csbpn.org\/#website"},"datePublished":"2021-03-12T10:09:09+00:00","dateModified":"2021-09-27T14:29:02+00:00","description":"La Ressourcerie ESS-EN-SIEL (ESS : Economie Sociale et Solidaire ; SIEL : Solidarit\u00e9, Insertion, Environnement Local) de votre Centre Social.","breadcrumb":{"@id":"https:\/\/csbpn.org\/index.php\/ressourcerie\/#breadcrumb"},"inLanguage":"fr-FR","potentialAction":[{"@type":"ReadAction","target":["https:\/\/csbpn.org\/index.php\/ressourcerie\/"]}]},{"@type":"BreadcrumbList","@id":"https:\/\/csbpn.org\/index.php\/ressourcerie\/#breadcrumb","itemListElement":[{"@type":"ListItem","position":1,"name":"Home","item":"https:\/\/csbpn.org\/"},{"@type":"ListItem","position":2,"name":"Ressourcerie"}]},{"@type":"WebSite","@id":"https:\/\/csbpn.org\/#website","url":"https:\/\/csbpn.org\/","name":"Centre Social et Culturel Bourgogne","description":"Cr\u00e9ons des liens, b\u00e2tissons l&#039;avenir ensemble","publisher":{"@id":"https:\/\/csbpn.org\/#organization"},"potentialAction":[{"@type":"SearchAction","target":{"@type":"EntryPoint","urlTemplate":"https:\/\/csbpn.org\/?s={search_term_string}"},"query-input":{"@type":"PropertyValueSpecification","valueRequired":true,"valueName":"search_term_string"}}],"inLanguage":"fr-FR"},{"@type":"Organization","@id":"https:\/\/csbpn.org\/#organization","name":"Centre Social et Culturel Bourgogne","url":"https:\/\/csbpn.org\/","logo":{"@type":"ImageObject","inLanguage":"fr-FR","@id":"https:\/\/csbpn.org\/#\/schema\/logo\/image\/","url":"https:\/\/csbpn.org\/wp-content\/uploads\/2025\/10\/cropped-LOGO-8.png","contentUrl":"https:\/\/csbpn.org\/wp-content\/uploads\/2025\/10\/cropped-LOGO-8.png","width":500,"height":394,"caption":"Centre Social et Culturel Bourgogne"},"image":{"@id":"https:\/\/csbpn.org\/#\/schema\/logo\/image\/"}}]}},"_links":{"self":[{"href":"https:\/\/csbpn.org\/index.php\/wp-json\/wp\/v2\/pages\/506","targetHints":{"allow":["GET"]}}],"collection":[{"href":"https:\/\/csbpn.org\/index.php\/wp-json\/wp\/v2\/pages"}],"about":[{"href":"https:\/\/csbpn.org\/index.php\/wp-json\/wp\/v2\/types\/page"}],"author":[{"embeddable":true,"href":"https:\/\/csbpn.org\/index.php\/wp-json\/wp\/v2\/users\/4"}],"replies":[{"embeddable":true,"href":"https:\/\/csbpn.org\/index.php\/wp-json\/wp\/v2\/comments?post=506"}],"version-history":[{"count":35,"href":"https:\/\/csbpn.org\/index.php\/wp-json\/wp\/v2\/pages\/506\/revisions"}],"predecessor-version":[{"id":1663,"href":"https:\/\/csbpn.org\/index.php\/wp-json\/wp\/v2\/pages\/506\/revisions\/1663"}],"wp:attachment":[{"href":"https:\/\/csbpn.org\/index.php\/wp-json\/wp\/v2\/media?parent=506"}],"curies":[{"name":"wp","href":"https:\/\/api.w.org\/{rel}","templated":true}]}}